{"id":563,"date":"2019-01-26T12:15:00","date_gmt":"2019-01-26T11:15:00","guid":{"rendered":"https:\/\/klikkerhunden.dk\/tlinedk\/?page_id=563"},"modified":"2023-04-14T11:15:33","modified_gmt":"2023-04-14T09:15:33","slug":"tessan-t-line-contessa","status":"publish","type":"page","link":"https:\/\/klikkerhunden.dk\/tlinedk\/?page_id=563","title":{"rendered":"Tessan &#8211; T-line Contessa DK05959\/2017 LP1, RBM, NW1"},"content":{"rendered":"<p>&nbsp;<\/p>\n<p>Tessan &#8211; min store smukke t\u00e6ve fra Twitters f\u00f8rste kuld. Hun er en fantastisk Nose Work hund og nu er hun &#8220;sprunget&#8221; ud som LP og Rally hund. Hun er\u00a0en forn\u00f8jelse \u00a0at tr\u00e6ne med.<\/p>\n<p>Tessans h\u00f8st af rosetter 2022<\/p>\n<p><a href=\"https:\/\/klikkerhunden.dk\/tlinedk\/wp-content\/uploads\/2019\/01\/tempImageguCIdP.jpg\"><img loading=\"lazy\" decoding=\"async\" class=\"aligncenter size-medium wp-image-744\" src=\"https:\/\/klikkerhunden.dk\/tlinedk\/wp-content\/uploads\/2019\/01\/tempImageguCIdP-251x300.jpg\" alt=\"tempImageguCIdP\" width=\"251\" height=\"300\" srcset=\"https:\/\/klikkerhunden.dk\/tlinedk\/wp-content\/uploads\/2019\/01\/tempImageguCIdP-251x300.jpg 251w, https:\/\/klikkerhunden.dk\/tlinedk\/wp-content\/uploads\/2019\/01\/tempImageguCIdP-768x919.jpg 768w, https:\/\/klikkerhunden.dk\/tlinedk\/wp-content\/uploads\/2019\/01\/tempImageguCIdP-856x1024.jpg 856w, https:\/\/klikkerhunden.dk\/tlinedk\/wp-content\/uploads\/2019\/01\/tempImageguCIdP-1200x1435.jpg 1200w\" sizes=\"auto, (max-width: 251px) 85vw, 251px\" \/><\/a><\/p>\n<p>&nbsp;<\/p>\n<p><a href=\"https:\/\/klikkerhunden.dk\/tlinedk\/wp-content\/uploads\/2019\/01\/IMG_6101.png\"><img loading=\"lazy\" decoding=\"async\" class=\"aligncenter size-medium wp-image-628\" src=\"https:\/\/klikkerhunden.dk\/tlinedk\/wp-content\/uploads\/2019\/01\/IMG_6101-139x300.png\" alt=\"IMG_6101\" width=\"139\" height=\"300\" srcset=\"https:\/\/klikkerhunden.dk\/tlinedk\/wp-content\/uploads\/2019\/01\/IMG_6101-139x300.png 139w, https:\/\/klikkerhunden.dk\/tlinedk\/wp-content\/uploads\/2019\/01\/IMG_6101-473x1024.png 473w, https:\/\/klikkerhunden.dk\/tlinedk\/wp-content\/uploads\/2019\/01\/IMG_6101.png 750w\" sizes=\"auto, (max-width: 139px) 85vw, 139px\" \/><\/a><a href=\"https:\/\/klikkerhunden.dk\/tlinedk\/wp-content\/uploads\/2019\/01\/IMG_6906.png\"><br \/>\n<\/a><\/p>\n<p>Tessan: Vinder af LP 1 september 2020<br \/>\n<a href=\"https:\/\/klikkerhunden.dk\/tlinedk\/wp-content\/uploads\/2019\/01\/IMG_6102.jpeg\"><img loading=\"lazy\" decoding=\"async\" class=\"aligncenter size-medium wp-image-629\" src=\"https:\/\/klikkerhunden.dk\/tlinedk\/wp-content\/uploads\/2019\/01\/IMG_6102-96x300.jpeg\" alt=\"IMG_6102\" width=\"96\" height=\"300\" srcset=\"https:\/\/klikkerhunden.dk\/tlinedk\/wp-content\/uploads\/2019\/01\/IMG_6102-96x300.jpeg 96w, https:\/\/klikkerhunden.dk\/tlinedk\/wp-content\/uploads\/2019\/01\/IMG_6102.jpeg 189w\" sizes=\"auto, (max-width: 96px) 85vw, 96px\" \/><\/a>Det er s\u00e5 typisk Tessan at sidde der og &#8220;give mig kontakt&#8221; mens hun t\u00e6nker: &#8220;OOOG &#8211; hvad skal vi s\u00e5 lave af sjove ting sammen? &#8211; vi kan da ikke v\u00e6re f\u00e6rdige allerede!!&#8221;<\/p>\n<p><a href=\"https:\/\/klikkerhunden.dk\/tlinedk\/wp-content\/uploads\/2019\/01\/95744C1F-79A9-4251-AC48-472FC2958368.jpeg\"><img loading=\"lazy\" decoding=\"async\" class=\"aligncenter size-medium wp-image-745\" src=\"https:\/\/klikkerhunden.dk\/tlinedk\/wp-content\/uploads\/2019\/01\/95744C1F-79A9-4251-AC48-472FC2958368-224x300.jpeg\" alt=\"95744C1F-79A9-4251-AC48-472FC2958368\" width=\"224\" height=\"300\" srcset=\"https:\/\/klikkerhunden.dk\/tlinedk\/wp-content\/uploads\/2019\/01\/95744C1F-79A9-4251-AC48-472FC2958368-224x300.jpeg 224w, https:\/\/klikkerhunden.dk\/tlinedk\/wp-content\/uploads\/2019\/01\/95744C1F-79A9-4251-AC48-472FC2958368-768x1029.jpeg 768w, https:\/\/klikkerhunden.dk\/tlinedk\/wp-content\/uploads\/2019\/01\/95744C1F-79A9-4251-AC48-472FC2958368-764x1024.jpeg 764w, https:\/\/klikkerhunden.dk\/tlinedk\/wp-content\/uploads\/2019\/01\/95744C1F-79A9-4251-AC48-472FC2958368-1200x1609.jpeg 1200w, https:\/\/klikkerhunden.dk\/tlinedk\/wp-content\/uploads\/2019\/01\/95744C1F-79A9-4251-AC48-472FC2958368.jpeg 1504w\" sizes=\"auto, (max-width: 224px) 85vw, 224px\" \/><\/a><\/p>\n<p>Vores f\u00f8rste NW konkurrence (DCH): Tessan har f\u00e6rten allerede F\u00d8R, hun bliver sat i gang &#8211; og s\u00e5 er det bare om at f\u00f8lge med i raskt trav \ud83d\ude42\u00a0 <a href=\"https:\/\/klikkerhunden.dk\/tlinedk\/wp-content\/uploads\/2019\/01\/2803641B-5205-4CE0-9EE1-66F1B4155A0F.mov\">2803641B-5205-4CE0-9EE1-66F1B4155A0F<\/a><\/p>\n","protected":false},"excerpt":{"rendered":"<p>&nbsp; Tessan &#8211; min store smukke t\u00e6ve fra Twitters f\u00f8rste kuld. Hun er en fantastisk Nose Work hund og nu er hun &#8220;sprunget&#8221; ud som LP og Rally hund. Hun er\u00a0en forn\u00f8jelse \u00a0at tr\u00e6ne med. Tessans h\u00f8st af rosetter 2022 &nbsp; Tessan: Vinder af LP 1 september 2020 Det er s\u00e5 typisk Tessan at sidde &hellip; <a href=\"https:\/\/klikkerhunden.dk\/tlinedk\/?page_id=563\" class=\"more-link\">L\u00e6s videre<span class=\"screen-reader-text\"> &#8220;Tessan &#8211; T-line Contessa DK05959\/2017 LP1, RBM, NW1&#8221;<\/span><\/a><\/p>\n","protected":false},"author":1,"featured_media":0,"parent":0,"menu_order":0,"comment_status":"closed","ping_status":"closed","template":"","meta":{"footnotes":""},"class_list":["post-563","page","type-page","status-publish","hentry"],"_links":{"self":[{"href":"https:\/\/klikkerhunden.dk\/tlinedk\/index.php?rest_route=\/wp\/v2\/pages\/563","targetHints":{"allow":["GET"]}}],"collection":[{"href":"https:\/\/klikkerhunden.dk\/tlinedk\/index.php?rest_route=\/wp\/v2\/pages"}],"about":[{"href":"https:\/\/klikkerhunden.dk\/tlinedk\/index.php?rest_route=\/wp\/v2\/types\/page"}],"author":[{"embeddable":true,"href":"https:\/\/klikkerhunden.dk\/tlinedk\/index.php?rest_route=\/wp\/v2\/users\/1"}],"replies":[{"embeddable":true,"href":"https:\/\/klikkerhunden.dk\/tlinedk\/index.php?rest_route=%2Fwp%2Fv2%2Fcomments&post=563"}],"version-history":[{"count":8,"href":"https:\/\/klikkerhunden.dk\/tlinedk\/index.php?rest_route=\/wp\/v2\/pages\/563\/revisions"}],"predecessor-version":[{"id":794,"href":"https:\/\/klikkerhunden.dk\/tlinedk\/index.php?rest_route=\/wp\/v2\/pages\/563\/revisions\/794"}],"wp:attachment":[{"href":"https:\/\/klikkerhunden.dk\/tlinedk\/index.php?rest_route=%2Fwp%2Fv2%2Fmedia&parent=563"}],"curies":[{"name":"wp","href":"https:\/\/api.w.org\/{rel}","templated":true}]}}