{"id":275,"date":"2016-08-20T11:25:44","date_gmt":"2016-08-20T11:25:44","guid":{"rendered":"https:\/\/klikkerhunden.dk\/tlinedk\/?page_id=275"},"modified":"2016-08-20T11:30:41","modified_gmt":"2016-08-20T11:30:41","slug":"hunde-i-himlen","status":"publish","type":"page","link":"https:\/\/klikkerhunden.dk\/tlinedk\/?page_id=275","title":{"rendered":"Hunde i himlen"},"content":{"rendered":"<p>Min\u00a0to dejlige Golden Retrievere, der ikke er hos mig l\u00e6ngere. Der g\u00e5r ikke en dag hvor jeg ikke t\u00e6nker p\u00e5 dem.<\/p>\n<p>&nbsp;<\/p>\n<p>2005: Tessie forrest, Tosca bagerst.<\/p>\n<p><img loading=\"lazy\" decoding=\"async\" title=\"\" src=\"https:\/\/klikkerhunden.dk\/tlinedk\/joomla\/images\/stories\/wpimages\/terassehundelille.jpg\" alt=\"\" width=\"500\" height=\"375\" \/><\/p>\n<p>&nbsp;<\/p>\n<p>&nbsp;<\/p>\n","protected":false},"excerpt":{"rendered":"<p>Min\u00a0to dejlige Golden Retrievere, der ikke er hos mig l\u00e6ngere. Der g\u00e5r ikke en dag hvor jeg ikke t\u00e6nker p\u00e5 dem. &nbsp; 2005: Tessie forrest, Tosca bagerst. &nbsp; &nbsp;<\/p>\n","protected":false},"author":1,"featured_media":0,"parent":0,"menu_order":0,"comment_status":"closed","ping_status":"closed","template":"","meta":{"footnotes":""},"class_list":["post-275","page","type-page","status-publish","hentry"],"_links":{"self":[{"href":"https:\/\/klikkerhunden.dk\/tlinedk\/index.php?rest_route=\/wp\/v2\/pages\/275","targetHints":{"allow":["GET"]}}],"collection":[{"href":"https:\/\/klikkerhunden.dk\/tlinedk\/index.php?rest_route=\/wp\/v2\/pages"}],"about":[{"href":"https:\/\/klikkerhunden.dk\/tlinedk\/index.php?rest_route=\/wp\/v2\/types\/page"}],"author":[{"embeddable":true,"href":"https:\/\/klikkerhunden.dk\/tlinedk\/index.php?rest_route=\/wp\/v2\/users\/1"}],"replies":[{"embeddable":true,"href":"https:\/\/klikkerhunden.dk\/tlinedk\/index.php?rest_route=%2Fwp%2Fv2%2Fcomments&post=275"}],"version-history":[{"count":3,"href":"https:\/\/klikkerhunden.dk\/tlinedk\/index.php?rest_route=\/wp\/v2\/pages\/275\/revisions"}],"predecessor-version":[{"id":282,"href":"https:\/\/klikkerhunden.dk\/tlinedk\/index.php?rest_route=\/wp\/v2\/pages\/275\/revisions\/282"}],"wp:attachment":[{"href":"https:\/\/klikkerhunden.dk\/tlinedk\/index.php?rest_route=%2Fwp%2Fv2%2Fmedia&parent=275"}],"curies":[{"name":"wp","href":"https:\/\/api.w.org\/{rel}","templated":true}]}}