{"id":209,"date":"2016-08-20T10:16:45","date_gmt":"2016-08-20T10:16:45","guid":{"rendered":"https:\/\/klikkerhunden.dk\/tlinedk\/?page_id=209"},"modified":"2023-04-05T12:32:34","modified_gmt":"2023-04-05T10:32:34","slug":"uddannelser","status":"publish","type":"page","link":"https:\/\/klikkerhunden.dk\/tlinedk\/?page_id=209","title":{"rendered":"Uddannelser"},"content":{"rendered":"<p>2002: Opdr\u00e6tteruddannelse og Kennelm\u00e6rke T-Line<\/p>\n<p><a href=\"https:\/\/klikkerhunden.dk\/tlinedk\/wp-content\/uploads\/2016\/08\/img030.jpg\"><img loading=\"lazy\" decoding=\"async\" class=\"wp-image-220 alignleft\" src=\"https:\/\/klikkerhunden.dk\/tlinedk\/wp-content\/uploads\/2016\/08\/img030-212x300.jpg\" alt=\"img030\" width=\"105\" height=\"149\" srcset=\"https:\/\/klikkerhunden.dk\/tlinedk\/wp-content\/uploads\/2016\/08\/img030-212x300.jpg 212w, https:\/\/klikkerhunden.dk\/tlinedk\/wp-content\/uploads\/2016\/08\/img030-768x1086.jpg 768w, https:\/\/klikkerhunden.dk\/tlinedk\/wp-content\/uploads\/2016\/08\/img030-724x1024.jpg 724w, https:\/\/klikkerhunden.dk\/tlinedk\/wp-content\/uploads\/2016\/08\/img030-1200x1697.jpg 1200w\" sizes=\"auto, (max-width: 105px) 85vw, 105px\" \/><\/a><a href=\"https:\/\/klikkerhunden.dk\/tlinedk\/wp-content\/uploads\/2016\/08\/img032.jpg\"><img loading=\"lazy\" decoding=\"async\" class=\"alignleft wp-image-225\" src=\"https:\/\/klikkerhunden.dk\/tlinedk\/wp-content\/uploads\/2016\/08\/img032-212x300.jpg\" alt=\"img032\" width=\"104\" height=\"147\" srcset=\"https:\/\/klikkerhunden.dk\/tlinedk\/wp-content\/uploads\/2016\/08\/img032-212x300.jpg 212w, https:\/\/klikkerhunden.dk\/tlinedk\/wp-content\/uploads\/2016\/08\/img032-768x1086.jpg 768w, https:\/\/klikkerhunden.dk\/tlinedk\/wp-content\/uploads\/2016\/08\/img032-724x1024.jpg 724w, https:\/\/klikkerhunden.dk\/tlinedk\/wp-content\/uploads\/2016\/08\/img032-1200x1697.jpg 1200w\" sizes=\"auto, (max-width: 104px) 85vw, 104px\" \/><\/a><\/p>\n<p>&nbsp;<\/p>\n<p>&nbsp;<\/p>\n<p>&nbsp;<\/p>\n<p>&nbsp;<\/p>\n<p>2011: Tr\u00e6neruddannelse DCH<\/p>\n<p><a href=\"https:\/\/klikkerhunden.dk\/tlinedk\/wp-content\/uploads\/2016\/08\/img028.jpg\"><img loading=\"lazy\" decoding=\"async\" class=\"alignleft wp-image-221\" src=\"https:\/\/klikkerhunden.dk\/tlinedk\/wp-content\/uploads\/2016\/08\/img028-212x300.jpg\" alt=\"img028\" width=\"115\" height=\"163\" srcset=\"https:\/\/klikkerhunden.dk\/tlinedk\/wp-content\/uploads\/2016\/08\/img028-212x300.jpg 212w, https:\/\/klikkerhunden.dk\/tlinedk\/wp-content\/uploads\/2016\/08\/img028-768x1086.jpg 768w, https:\/\/klikkerhunden.dk\/tlinedk\/wp-content\/uploads\/2016\/08\/img028-724x1024.jpg 724w, https:\/\/klikkerhunden.dk\/tlinedk\/wp-content\/uploads\/2016\/08\/img028-1200x1697.jpg 1200w\" sizes=\"auto, (max-width: 115px) 85vw, 115px\" \/><br \/>\n<\/a><\/p>\n<p>&nbsp;<\/p>\n<p>&nbsp;<\/p>\n<p>&nbsp;<\/p>\n<p>2011- 12: <a href=\"http:\/\/hundogtraening.dk\/?page_id=481\">Hund og Tr\u00e6nings Instrukt\u00f8r Uddannelse. F\u00e5es ikke bedre. <\/a><\/p>\n<p><a href=\"https:\/\/klikkerhunden.dk\/tlinedk\/wp-content\/uploads\/2016\/08\/diplom_IU3_lille.jpg\"><img loading=\"lazy\" decoding=\"async\" class=\"alignleft wp-image-223\" src=\"https:\/\/klikkerhunden.dk\/tlinedk\/wp-content\/uploads\/2016\/08\/diplom_IU3_lille-205x300.jpg\" alt=\"diplom_IU3_lille\" width=\"107\" height=\"157\" srcset=\"https:\/\/klikkerhunden.dk\/tlinedk\/wp-content\/uploads\/2016\/08\/diplom_IU3_lille-205x300.jpg 205w, https:\/\/klikkerhunden.dk\/tlinedk\/wp-content\/uploads\/2016\/08\/diplom_IU3_lille.jpg 306w\" sizes=\"auto, (max-width: 107px) 85vw, 107px\" \/><\/a><\/p>\n<p>&nbsp;<\/p>\n<p>&nbsp;<\/p>\n<p>&nbsp;<\/p>\n<p>&nbsp;<\/p>\n<p>2013: <a href=\"http:\/\/hundogtraening.dk\/?page_id=485\">Hund og Tr\u00e6nings\u00a0Rallyinstrukt\u00f8ruddannelse.\u00a0<\/a><\/p>\n<p><img loading=\"lazy\" decoding=\"async\" class=\"alignleft wp-image-224\" src=\"https:\/\/klikkerhunden.dk\/tlinedk\/wp-content\/uploads\/2016\/08\/img027-212x300.jpg\" alt=\"img027\" width=\"109\" height=\"154\" srcset=\"https:\/\/klikkerhunden.dk\/tlinedk\/wp-content\/uploads\/2016\/08\/img027-212x300.jpg 212w, https:\/\/klikkerhunden.dk\/tlinedk\/wp-content\/uploads\/2016\/08\/img027-768x1086.jpg 768w, https:\/\/klikkerhunden.dk\/tlinedk\/wp-content\/uploads\/2016\/08\/img027-724x1024.jpg 724w, https:\/\/klikkerhunden.dk\/tlinedk\/wp-content\/uploads\/2016\/08\/img027-1200x1697.jpg 1200w\" sizes=\"auto, (max-width: 109px) 85vw, 109px\" \/><\/p>\n<p>&nbsp;<\/p>\n<p>&nbsp;<\/p>\n<p>&nbsp;<\/p>\n<p>&nbsp;<\/p>\n<p>2017: Sydkystens Hundeskoles Rallyinstrukt\u00f8r uddannelse<\/p>\n<p>&nbsp;<\/p>\n<p>2018: Hund og Tr\u00e6nings Nosework Instrukt\u00f8r uddannelse<\/p>\n<p><a href=\"https:\/\/klikkerhunden.dk\/tlinedk\/wp-content\/uploads\/2016\/08\/20180706_141900-480x640.jpg\"><img loading=\"lazy\" decoding=\"async\" class=\"alignleft wp-image-544\" src=\"https:\/\/klikkerhunden.dk\/tlinedk\/wp-content\/uploads\/2016\/08\/20180706_141900-480x640-225x300.jpg\" alt=\"20180706_141900 (480x640)\" width=\"128\" height=\"171\" srcset=\"https:\/\/klikkerhunden.dk\/tlinedk\/wp-content\/uploads\/2016\/08\/20180706_141900-480x640-225x300.jpg 225w, https:\/\/klikkerhunden.dk\/tlinedk\/wp-content\/uploads\/2016\/08\/20180706_141900-480x640.jpg 480w\" sizes=\"auto, (max-width: 128px) 85vw, 128px\" \/><br \/>\n<\/a><\/p>\n<p>&nbsp;<\/p>\n<p>&nbsp;<\/p>\n<p>&nbsp;<\/p>\n<p>&nbsp;<\/p>\n<p>2020: \u00a0Adf\u00e6rdsr\u00e5dgiver:<br \/>\n<a href=\"https:\/\/klikkerhunden.dk\/tlinedk\/wp-content\/uploads\/2016\/06\/IMG_6878.jpeg\"><img loading=\"lazy\" decoding=\"async\" class=\"wp-image-622 alignleft\" src=\"https:\/\/klikkerhunden.dk\/tlinedk\/wp-content\/uploads\/2016\/06\/IMG_6878-300x225.jpeg\" alt=\"IMG_6878\" width=\"116\" height=\"155\" \/><\/a><\/p>\n<p>&nbsp;<\/p>\n<p>&nbsp;<\/p>\n<p>&nbsp;<\/p>\n<p>Pro Dog Trainer. Absolute Dogs:<\/p>\n<p><a href=\"https:\/\/klikkerhunden.dk\/tlinedk\/wp-content\/uploads\/2019\/01\/IMG_6906.png\"><img loading=\"lazy\" decoding=\"async\" class=\"wp-image-630 alignleft\" src=\"https:\/\/klikkerhunden.dk\/tlinedk\/wp-content\/uploads\/2019\/01\/IMG_6906-139x300.png\" alt=\"IMG_6906\" width=\"88\" height=\"189\" \/><\/a><\/p>\n","protected":false},"excerpt":{"rendered":"<p>2002: Opdr\u00e6tteruddannelse og Kennelm\u00e6rke T-Line &nbsp; &nbsp; &nbsp; &nbsp; 2011: Tr\u00e6neruddannelse DCH &nbsp; &nbsp; &nbsp; 2011- 12: Hund og Tr\u00e6nings Instrukt\u00f8r Uddannelse. F\u00e5es ikke bedre. &nbsp; &nbsp; &nbsp; &nbsp; 2013: Hund og Tr\u00e6nings\u00a0Rallyinstrukt\u00f8ruddannelse.\u00a0 &nbsp; &nbsp; &nbsp; &nbsp; 2017: Sydkystens Hundeskoles Rallyinstrukt\u00f8r uddannelse &nbsp; 2018: Hund og Tr\u00e6nings Nosework Instrukt\u00f8r uddannelse &nbsp; &nbsp; &nbsp; &nbsp; 2020: &hellip; <a href=\"https:\/\/klikkerhunden.dk\/tlinedk\/?page_id=209\" class=\"more-link\">L\u00e6s videre<span class=\"screen-reader-text\"> &#8220;Uddannelser&#8221;<\/span><\/a><\/p>\n","protected":false},"author":1,"featured_media":0,"parent":0,"menu_order":0,"comment_status":"closed","ping_status":"closed","template":"","meta":{"footnotes":""},"class_list":["post-209","page","type-page","status-publish","hentry"],"_links":{"self":[{"href":"https:\/\/klikkerhunden.dk\/tlinedk\/index.php?rest_route=\/wp\/v2\/pages\/209","targetHints":{"allow":["GET"]}}],"collection":[{"href":"https:\/\/klikkerhunden.dk\/tlinedk\/index.php?rest_route=\/wp\/v2\/pages"}],"about":[{"href":"https:\/\/klikkerhunden.dk\/tlinedk\/index.php?rest_route=\/wp\/v2\/types\/page"}],"author":[{"embeddable":true,"href":"https:\/\/klikkerhunden.dk\/tlinedk\/index.php?rest_route=\/wp\/v2\/users\/1"}],"replies":[{"embeddable":true,"href":"https:\/\/klikkerhunden.dk\/tlinedk\/index.php?rest_route=%2Fwp%2Fv2%2Fcomments&post=209"}],"version-history":[{"count":10,"href":"https:\/\/klikkerhunden.dk\/tlinedk\/index.php?rest_route=\/wp\/v2\/pages\/209\/revisions"}],"predecessor-version":[{"id":533,"href":"https:\/\/klikkerhunden.dk\/tlinedk\/index.php?rest_route=\/wp\/v2\/pages\/209\/revisions\/533"}],"wp:attachment":[{"href":"https:\/\/klikkerhunden.dk\/tlinedk\/index.php?rest_route=%2Fwp%2Fv2%2Fmedia&parent=209"}],"curies":[{"name":"wp","href":"https:\/\/api.w.org\/{rel}","templated":true}]}}